{"id":519,"date":"2020-12-21T21:46:50","date_gmt":"2020-12-22T02:46:50","guid":{"rendered":"http:\/\/www.macroinmobiliaria.com\/inmobiliariabogota\/?page_id=519"},"modified":"2020-12-21T21:55:08","modified_gmt":"2020-12-22T02:55:08","slug":"venta","status":"publish","type":"page","link":"https:\/\/www.macroinmobiliaria.com\/inmobiliaria-bogota\/venta\/","title":{"rendered":"Venta"},"content":{"rendered":"\n<h2 class=\"wp-block-heading\">Vender su Inmueble<\/h2>\n\n\n\n<ul class=\"wp-block-list\"><li>Vendemos su inmueble en un corto tiempo con estrategia personalizada.<\/li><li>Asesor\u00eda comercial especializada con la diferencia que es personalizada.<\/li><li>Promocionamos su inmueble en los sitio WEB m\u00e1s reconocidos en sector inmobiliario y diferentes canales de comunicaci\u00f3n.<\/li><li>Respaldo al contar con un especialista en la promoci\u00f3n y venta de sus propiedades residenciales,  comerciales o industriales.<\/li><li>Convenios y alianzas para encontrar clientes con necesidades especificas.<\/li><li>Asesor\u00eda especializada para evaluar y determinar el valor comercial de su propiedad.<\/li><li>Seguimiento personalizado de la gesti\u00f3n comercial de su inmueble.<\/li><\/ul>\n\n\n\n<h2 class=\"wp-block-heading\">Respaldo y acompa\u00f1amiento en el proceso de la venta<\/h2>\n\n\n\n<ul class=\"wp-block-list\"><li>Asesor\u00eda jur\u00eddica integral.<\/li><li>Acompa\u00f1amiento en todo el proceso de postventa de su inmueble.<\/li><li>Elaboramos la promesa de compraventa y minuta de escritura de su inmueble.<\/li><li>Acompa\u00f1amiento durante los tr\u00e1mites de escrituraci\u00f3n del inmueble.<br><br>Aplican restricciones<\/li><\/ul>\n","protected":false},"excerpt":{"rendered":"<p>Vender su Inmueble Vendemos su inmueble en un corto tiempo con estrategia personalizada. Asesor\u00eda comercial especializada con la diferencia que es personalizada. Promocionamos su inmueble en los sitio WEB m\u00e1s reconocidos en sector inmobiliario y diferentes canales de comunicaci\u00f3n. Respaldo al contar con un especialista en la promoci\u00f3n y venta de sus propiedades residenciales, comerciales&#8230;<\/p>\n","protected":false},"author":1,"featured_media":0,"parent":0,"menu_order":0,"comment_status":"closed","ping_status":"closed","template":"","meta":{"_joinchat":[],"footnotes":""},"class_list":["post-519","page","type-page","status-publish","hentry"],"_links":{"self":[{"href":"https:\/\/www.macroinmobiliaria.com\/inmobiliaria-bogota\/wp-json\/wp\/v2\/pages\/519","targetHints":{"allow":["GET"]}}],"collection":[{"href":"https:\/\/www.macroinmobiliaria.com\/inmobiliaria-bogota\/wp-json\/wp\/v2\/pages"}],"about":[{"href":"https:\/\/www.macroinmobiliaria.com\/inmobiliaria-bogota\/wp-json\/wp\/v2\/types\/page"}],"author":[{"embeddable":true,"href":"https:\/\/www.macroinmobiliaria.com\/inmobiliaria-bogota\/wp-json\/wp\/v2\/users\/1"}],"replies":[{"embeddable":true,"href":"https:\/\/www.macroinmobiliaria.com\/inmobiliaria-bogota\/wp-json\/wp\/v2\/comments?post=519"}],"version-history":[{"count":6,"href":"https:\/\/www.macroinmobiliaria.com\/inmobiliaria-bogota\/wp-json\/wp\/v2\/pages\/519\/revisions"}],"predecessor-version":[{"id":529,"href":"https:\/\/www.macroinmobiliaria.com\/inmobiliaria-bogota\/wp-json\/wp\/v2\/pages\/519\/revisions\/529"}],"wp:attachment":[{"href":"https:\/\/www.macroinmobiliaria.com\/inmobiliaria-bogota\/wp-json\/wp\/v2\/media?parent=519"}],"curies":[{"name":"wp","href":"https:\/\/api.w.org\/{rel}","templated":true}]}}